n + 800 + o = 0. List the prime factors of n.
3, 7
Let a = -42 + 47. Suppose -108 = -a*o - 3*i, 9 = -2*o - 2*i + 49. What are the prime factors of o?
2, 3
Suppose 0 = -8*b - 4 - 12. What are the prime factors of (-5 - -112) + 3 + 6/b?
107
Let x(f) be the second derivative of 503*f**4/12 - 4*f**3/3 - 7*f**2/2 + 152*f. What are the prime factors of x(-1)?
2, 3, 7
Let r be 6068/6*75/(-25). Let h = -1988 - r. List the prime factors of h.
2, 523
Let s(f) = f**2 - 58*f - 44. Let i be s(36). Let q = -395 - i. What are the prime factors of q?
3, 7
Let m = -6669 + 19919. List the prime factors of m.
2, 5, 53
Let u(c) be the third derivative of 73*c**5/30 - c**4/3 + 3*c**3/2 + 6*c**2 - 6*c. What are the prime factors of u(2)?
577
Let c(b) = -99*b**3 + 9*b**2 - 10*b - 95. List the prime factors of c(-6).
21673
Let l(u) = 28*u**2 + 1 - 11*u**2 + 4 - 6*u. Let b be l(4). Suppose 5*x - b = -3*a, 0 = -3*x + 3*a - 4*a + 151. What are the prime factors of x?
2, 5
Suppose -6*m = 446 - 464. What are the prime factors of 473*(6/(-3) + m)?
11, 43
Suppose 4*x + 6 = 22. Let p(m) = 1 - 3456*m + 4 + 3511*m. List the prime factors of p(x).
3, 5
Let f = 5505 + -3140. What are the prime factors of f?
5, 11, 43
Suppose 0*r = -4*r - 5*i - 1900, -i = -2*r - 936. Let n = -765 - -464. Let w = n - r. List the prime factors of w.
13
Suppose -4*d - 3*a = -2, -6*d + 3*a = -d - 16. Let p be (-42)/(-10) + 3/(-15). Suppose -d*z + p*v = -180, 185 = 2*z - 4*v - v. List the prime factors of z.
2, 5
Suppose 3*t - 9*y - 177 = -6*y, -90 = -2*t - 5*y. Let o = 44 + t. List the prime factors of o.
3, 11
Let i be 4/2 - 6/1. Let p = 199 - i. Let o = p + -124. What are the prime factors of o?
79
Let j = -20025 - -37779. What are the prime factors of j?
2, 3, 11, 269
Suppose -2*y = -3*m - 9 + 2, 2*y + 3*m = 1. Suppose -6*d + 2*i = -y*d - 74, 4*i + 28 = 2*d. What are the prime factors of d?
2, 5
Let k = -4784 + 6864. List the prime factors of k.
2, 5, 13
Let n be (-1)/(-1)*(-7 + -122)/(-3). Suppose -7*k = -253 + n. What are the prime factors of k?
2, 3, 5
Suppose 0 = -3*f + 9, 0 = -m + 2*f + 2*f - 9. Let a be 1178/m + (-6)/9. Suppose o = -3*o + a. List the prime factors of o.
2, 7
Let f = 4123 + 1409. What are the prime factors of f?
2, 3, 461
Let t(d) = -12886*d + 6338. What are the prime factors of t(-2)?
2, 5, 13, 19
Let s = 1152 + -1627. Let p(x) = x - 9. Let l be p(5). What are the prime factors of (-1)/(l + (-1895)/s)?
5, 19
Suppose 2*w - w - 175 = -2*y, -3*w - 249 = -3*y. Let t = y - 59. Suppose 2*r = -3*o + t - 7, -4*r + 20 = o. List the prime factors of o.
2
Let w be 6132/420 + (-6)/10. Suppose -3*m + 1 = 3*v + 2*v, 0 = 3*v + 5*m + 9. Suppose -s = -v*s + w. What are the prime factors of s?
2, 7
Suppose 0 = -5*k + 3*o + 24425, 2*o - 33134 + 8684 = -5*k. List the prime factors of k.
2, 13, 47
Let m(v) = v**2 + 6*v + 5. Let c be m(-4). List the prime factors of c/(-18) + 1340/24.
2, 7
Suppose -2*w + 1 + 1 = 5*n, -1 = 2*n - w. Suppose -z + 18 = 5*q, n = 4*z + 6*q - 2*q - 88. List the prime factors of 3 - (0/(-2 + -1) - z).
2, 13
Suppose 0 = -2*x - 10, -7*x = z - 9*x - 2767. List the prime factors of z.
3, 919
Suppose 4*b + 27 + 43 = 3*r, 3*b = -12. Suppose -c + 14 = r, -3*s + 2*c = -3953. List the prime factors of s.
5, 263
Suppose 0 = -3*n + 383 + 385. Let h be n/(-10) - 18/45. Let j = 40 + h. List the prime factors of j.
2, 7
Let b(z) = -27*z**3 + 6*z**2 + 11*z - 1. What are the prime factors of b(-5)?
3469
Let h(t) = 18*t - 7 + 0 - 6 - 5. List the prime factors of h(3).
2, 3
Suppose 6*b + 65 = b. Let m(g) = 4*g**2 - 83*g - 43. Let z(u) = -u**2 + 26*u + 14. Let l(a) = -2*m(a) - 7*z(a). What are the prime factors of l(b)?
3
Let m(d) = -4*d + 39. Let i be m(0). Suppose i + 50 = f. List the prime factors of f.
89
What are the prime factors of 44883/18 + 1 + (-3)/(-2)?
2, 3, 13
Let a(t) = t**2 - 5*t + 8. Let d be a(8). Let n = 34 - d. Let g(y) = 9*y**3 + y**2 + 3*y - 4. List the prime factors of g(n).
2, 3, 13
List the prime factors of ((17076/10)/3)/(676/10140).
2, 3, 1423
Let h = -16833 - -34018. What are the prime factors of h?
5, 7, 491
What are the prime factors of ((-1020120)/50)/(132/(-220))?
2, 8501
Let g = -10401 + 87003. What are the prime factors of g?
2, 3, 17, 751
Suppose 107*q - 786422 + 731988 = 1959306. List the prime factors of q.
2, 5, 941
Let c be 9/12 + 2275/28. Let q be 3 + 123/(-39) + c/26. Suppose -2*x = -m - m + 186, -q*m - 2*x + 289 = 0. What are the prime factors of m?
5, 19
Suppose -81 - 69 = -6*q. Let c = -23 + q. What are the prime factors of 109 - 1/2*(-4)/c?
2, 5, 11
Let g be (-15)/4*(-6)/18*4. Suppose 5*l + 712 = 4*o + 2338, o = g*l - 1614. List the prime factors of l.
2, 7, 23
Let f = 13 + -12. Let z be -4 + (3 + -2)*1/f. What are the prime factors of 1/(-1) + (-72)/z + -2?
3, 7
Suppose 32 = -79*n + 95*n. Suppose -n*q + 734 + 592 = 0. What are the prime factors of q?
3, 13, 17
Let g = -4946 + 17102. List the prime factors of g.
2, 3, 1013
Suppose 7*a - 20 - 15 = 0. Suppose 980 = 10*o - a*o. Suppose -2*n = v - 6*v - 200, 0 = 2*n - 3*v - o. List the prime factors of n.
5, 19
Let b(g) = g**2 - 78*g - 67. Let z be b(79). Let h(p) = 6 + 11*p**2 + 9 + 6 + 13*p - p**3. List the prime factors of h(z).
3, 11
Let r = -31402 - -45370. List the prime factors of r.
2, 3, 97
Let x(r) = 7*r + 2104*r**3 + r - 4 + 10*r**2 - 2515*r**3 + 2. What are the prime factors of x(-1)?
3, 137
What are the prime factors of (33766 - -1)*2 - (-2 + -18 + 13)?
17, 29, 137
Suppose 5*r - 8 = -d, -2*r - 10 = -12. Suppose 592 = d*v + 13*v. What are the prime factors of v?
37
Let t = 66 - 61. Suppose -t*p + 3428 = -3*j, -14*p = -17*p + j + 2056. List the prime factors of p.
5, 137
Let h = 121 + -137. Let l = 228 - 132. What are the prime factors of 341/6 - h/l?
3, 19
Let f(p) = -461*p + 195. What are the prime factors of f(-33)?
2, 3, 107
Suppose 8 = -4*p, 1 = -2*g - g - 5*p. Suppose 3*u - 756 = -g*u. List the prime factors of u.
2, 3, 7
List the prime factors of (-6)/27 - 4088157/(-513) - 42/(-399).
13, 613
Let g(l) = -l**3 - 1. Let x be g(-1). Suppose -2*y + 3*k + 13 = 0, -3*y - 4*k = -x*y - 11. Suppose -3*s = 12, -3 = -i - y*s + 47. List the prime factors of i.
2, 5, 7
Let c(w) = 5*w - 388. Let f be c(56). Suppose i + 194 = -3*u, 59 + 120 = -3*u + 2*i. Let m = u - f. What are the prime factors of m?
3, 5
Suppose -5*h + 120 = p, 2*p + 35 = h - 0*p. Suppose 34*u = h*u + 12492. List the prime factors of u.
2, 347
Let p be (-1320)/(-130) - (-2)/(-13). Suppose 3*s + l = 653, -5*s + p*l + 1055 = 5*l. What are the prime factors of s?
2, 3
Let z be 7*(-12)/(-42) - (2 + -3). List the prime factors of (-19 - -22)*(1 + 427/z).
2, 5, 43
Let s(d) = 282*d**2 - 86*d + 488. List the prime factors of s(7).
2, 3, 571
Let t = 16926 - 10235. List the prime factors of t.
6691
Let m(g) = -1182*g - 54. Let j(w) = -788*w - 35. Let o(h) = -8*j(h) + 5*m(h). What are the prime factors of o(1)?
2, 101
Let i = -4804 - -20542. What are the prime factors of i?
2, 3, 43, 61
Suppose -12 + 9 = 3*d. Let r = -10 - -8. List the prime factors of (1220/40)/(r/12*d).
3, 61
Let d(z) = 248*z + 863. What are the prime factors of d(2)?
3, 151
Suppose 4*z - 13023 = 3*m - 1686, -5*z + 18890 = -5*m. What are the prime factors of (10/(-25))/(5/m)?
2, 151
Let a(g) = g**3 + 12*g**2 - 7*g - 26. Let b be a(-12). Suppose 413 + b = 3*z. Let l = z - 98. List the prime factors of l.
59
Let i(k) = 17*k**3 - 3*k**2 - 70*k + 2. List the prime factors of i(13).
2, 3, 53, 113
What are the prime factors of (-4)/3*(168903/(-18) + 4)?
2, 13, 37
Suppose 3*q + 6 = -7*o + 4*o, -4*q - 2*o = -2. Let c be 0/(q/((-12)/(-8))). Suppose c*v + 7 = v. What are the prime factors of v?
7
Let r(v) = -15*v**2 + 5*v + 16. Let z(p) = 7*p**2 - 3*p - 10. Let d(h) = -6*r(h) - 10*z(h). What are the prime factors of d(-6)?
2, 181
Suppose 1495 = -14*h - 2425. Let q = -55 - h. What are the prime factors of q?
3, 5
Suppose -8*u + 15 + 33 = 0. Suppose -2*z + 3000 = u*z. What are the prime factors of z?
3, 5
Let q be -1*2*3/(66/(-143)). Let i = q - -151. List the prime factors of i.
2, 41
Let v = 270 - 170. Let j be (-4)/36 - (602/9 + 2). Let z = j + v. List the prime factors of z.
31
Let y = 6582 + 2478. List the prime factors of y.
2, 3, 5, 151
Let m(l) = -248*l**3 - 49*l**2 - 3*